uppose -2*h + k = -0*h - 2, -h = -k. Suppose -h*u - 3*w = -66, -4*u + 130 = -w + 6*w. What is the highest common factor of x and u?
10
Let p = 179 - 123. Let t = -434 - -441. Calculate the highest common factor of p and t.
7
Let x be 6/3 + -4 + 1. Let m be (x - 2)*70/(-42). Suppose 2*c - 57 - 113 = -4*l, m*l = 2*c - 134. What is the greatest common factor of 7 and c?
7
Suppose -4*y + 8*a - 3*a = -1474, 3*a = 5*y - 1849. What is the greatest common factor of y and 318?
53
Suppose -z + 3276 = 51*z. Calculate the greatest common factor of z and 35.
7
Let p = -159 + 175. What is the highest common factor of 4 and p?
4
Let d = 29 + -31. Let c(n) = 19*n**2 - 2*n + 1. Let h be c(d). Calculate the highest common divisor of 18 and h.
9
Let r(q) = -61*q**3 - q**2. Let c be r(-1). Let x = c - 33. Let d = -38 - -41. What is the greatest common divisor of d and x?
3
Let b = -3 - -7. Suppose b*v + 2*v = 264. What is the greatest common divisor of v and 11?
11
Let s be (-110)/(-3*10/12). What is the highest common divisor of 36 and s?
4
Let t(h) = -h**2 + h - 1. Let s(v) = -8*v + 8. Let g(f) = -s(f) + t(f). Let y be g(7). Let m = 6 - -29. Calculate the greatest common divisor of y and m.
5
Let b = -4410 - -4502. Let d = 44 - 21. What is the highest common factor of b and d?
23
Suppose 3*w = -0*w - o + 116, 3*w - 3*o - 132 = 0. Let z = w + -26. What is the highest common factor of z and 49?
7
Let w(c) = -c**2 + 15*c + 41. Let z be w(18). Let i(g) = -g**3 - 10*g**2 + 28*g + 5. Let p be i(z). Calculate the highest common factor of p and 37.
37
Let x(d) = 5*d**2 - 3*d. Let s be x(5). Let n be (12/10)/(3/10). Let q be (-8 + 0)*(-5)/n. Calculate the greatest common divisor of q and s.
10
Let d be (2 - 390) + 0 + -1. Let u = 560 + d. Let n(c) = 20*c**2 - c. Let r be n(1). Calculate the highest common divisor of r and u.
19
Suppose 2 - 7 = -s. Suppose -s*y + 410 = -3*y. What is the greatest common factor of y and 41?
41
Let q = 750 + -708. Calculate the highest common divisor of q and 798.
42
Suppose 12 = 2*u - 4*y, -u + 5*y = -2*u - 29. Let m be (-9)/6 - 2646/u. Suppose b - m = -3*b. Calculate the greatest common divisor of 15 and b.
15
Let z be 25 + (-3)/(-3*1). Let y(q) = -q**3 + 8*q**2 - q - 1. Let b be y(6). What is the highest common divisor of b and z?
13
Let c(w) = 8*w**2 - 2*w. Let p be c(-3). What is the highest common factor of p and 18?
6
Suppose -4*x + 90 - 78 = 0, 2*o = -4*x + 3038. Calculate the highest common divisor of 17 and o.
17
Let h be (-24)/(-64) - (-1101)/8. Calculate the highest common factor of h and 6.
6
Suppose 0 = -4*h + 5*t + 19, t = 3*h - 8 - 20. Calculate the highest common divisor of h and 121.
11
Let s(l) = l**3 + l - 5*l**2 + 0*l**2 - 1 + 0*l**2 - 2*l. Let v be s(7). What is the greatest common factor of 36 and v?
18
Let v = 29 + -11. Let m = v + 21. What is the greatest common factor of 13 and m?
13
Suppose u = -4*u + 185. Let n = u - 7. Let g be 264/9 - 4/(-6). Calculate the highest common divisor of n and g.
30
Suppose 3*i - 1465 = -1429. Calculate the highest common factor of 150 and i.
6
Let p = 899 - 835. Suppose -u + g = -3*g + 4, u = -3*g + 17. What is the greatest common factor of u and p?
8
Let z = -319 + 361. What is the highest common factor of z and 48?
6
Suppose -92*f = -79*f - 1066. What is the highest common divisor of f and 2?
2
Let a(x) = x + 288. Let w be a(34). Calculate the greatest common factor of 92 and w.
46
Suppose -26 = -3*l - 842. Let y = -107 - l. What is the highest common divisor of 15 and y?
15
Suppose 3*h - 1836 = 3*k, 5*h + 0*h - 4*k - 3058 = 0. What is the highest common factor of 122 and h?
122
Suppose -3*a = a. Suppose a = g + 3*z - 35, g = -z + 8 + 19. What is the highest common divisor of g and 184?
23
Let q(d) = 19*d**2 - d. Let m be q(-1). Let a(z) = 2*z - 17. Let x be a(9). Suppose s - x = 4. Calculate the highest common divisor of s and m.
5
Suppose -3264 = -101*l + 85*l. Calculate the highest common divisor of 18 and l.
6
Let a = -4 - -8. Suppose -5*k = -5*v - 13 + 158, a*k + 35 = v. Let f be (-6)/(-105) - 13188/(-735). Calculate the highest common factor of f and v.
9
Let u = -451 + 524. Calculate the greatest common factor of 365 and u.
73
Suppose 7*x - 17 = -10. What is the greatest common factor of 19 and x?
1
Let y be (3 - (-10)/(-2)) + 5. Suppose 10*v - 56 = y*v. Calculate the greatest common divisor of v and 88.
8
Let x be (-474 - -10)*((-30)/8 + 3). Calculate the highest common factor of x and 12.
12
Let d(k) = -k**2 - 23*k - 114. Let z be d(-14). Suppose -2*i + 3*b + 33 = 0, 2*i - i = -b + 9. Calculate the highest common divisor of z and i.
12
Let b be (-10)/(-2) - (-5)/(-5). Suppose -5*r - b = 4*q - 2*r, -5*r = -4*q - 36. Let n be -1 - (q + 2 - 3). Calculate the highest common divisor of n and 1.
1
Let x = -13 + 5. Let r be (-6)/12*(x - 0). Suppose 0 = -2*g + r*s + 44, 2*g + 2*s - 28 = -2*s. Calculate the greatest common factor of g and 90.
18
Suppose -8 = -7*j + 3*j. Let c be (4/2)/(1/j). Suppose -22 + 2 = -c*r - 4*w, -25 = -5*r - 4*w. What is the greatest common factor of 15 and r?
5
Suppose 14*g + 4*s - 56 = 13*g, 5*g - 3*s - 372 = 0. What is the highest common factor of 54 and g?
18
Suppose -6 = z - 10. Calculate the greatest common divisor of z and 2.
2
Let r(d) = -2*d**3 - 55*d**2 + 81*d - 42. Let a be r(-29). Calculate the greatest common divisor of 12 and a.
12
Let l be (-15)/(-6) - ((-63)/(-6))/21. What is the highest common factor of 362 and l?
2
Let f be (12/3 + -4)/(-4 + 0). Suppose 0 = i + i - 12. Suppose 3*p + 2*o + i - 25 = f, 0 = 4*o - 20. What is the greatest common factor of 21 and p?
3
Let s = -222 + 501. What is the highest common factor of 3 and s?
3
Suppose -4*u + 687 + 53 = -4*x, -5*u + x + 941 = 0. What is the highest common divisor of 21 and u?
21
Suppose -2*i + i = 0, i = -2*c + 54. Suppose -3*s - 5*u + 33 = 0, -s - 2 + c = -3*u. Calculate the highest common factor of 40 and s.
8
Let h(a) = 15*a + 2. Let i be h(1). Let x = i + -3. What is the highest common factor of x and 28?
14
Let u be (0 - (6 + 4))/1. Let y be (u + 0)/(1/(-4)). Calculate the greatest common divisor of 8 and y.
8
Let b(t) = -3*t**2 - 5*t + 1. Let f be b(5). Let i = 169 + f. Let c = i + 14. What is the highest common divisor of c and 12?
12
Let w(g) = -2*g**2 - 29*g + 26. Let a be w(-15). Calculate the highest common divisor of 528 and a.
11
Let s(t) = t**2 + 10*t - 126. Let p be s(-25). Calculate the greatest common factor of p and 166.
83
Let g(i) = 0*i**2 - 25*i**3 + 24*i**3 + 8*i**2 + 5 - 7*i. Let b be g(6). Calculate the highest common divisor of 7 and b.
7
Suppose 0 = -5*x - s + 388 + 545, x - 195 = 4*s. What is the greatest common divisor of 272 and x?
17
Let r be 4/2 - (8 - 11). Suppose r*d - y + 0*y = 1322, 0 = 5*y + 10. Calculate the highest common divisor of d and 24.
24
Suppose -3*l + 126 + 108 = 0. What is the highest common divisor of l and 6?
6
Let m(s) be the third derivative of -5/12*s**4 + 0 - 7*s**2 - 1/6*s**3 + 1/60*s**5 + 0*s. Let k be m(12). Calculate the greatest common divisor of 69 and k.
23
Let y be -1*(6 - -4)/(-5). Let d = -3 + 6. Suppose y*l + 70 = 5*t - 30, 3*t - 39 = -d*l. Calculate the greatest common factor of t and 36.
18
Suppose -4*y = -9*y + 35. Let w be (-16)/56 + 1262/y. Suppose 11*m - w = 6*m. Calculate the highest common factor of 12 and m.
12
Let v = -335 + 378. What is the greatest common factor of v and 731?
43
Suppose 5*o = -4*n + 335, -3*n + 6*o - 4*o = -257. Calculate the highest common factor of 17 and n.
17
Suppose 7*z - 46 = 66. Let t = -8 + -32. Let c be (t/(-3))/((-1)/(-3)). Calculate the highest common factor of c and z.
8
Let r = 8269 - 8259. Let y(j) = j**2 - 6. Let i be y(-6). What is the greatest common divisor of r and i?
10
Let w(f) = f**3 - 10*f**2 - 9*f - 26. Let a be w(11). Let d(u) = 9*u**2 + 8*u - 4. Let b be d(a). What is the greatest common factor of 12 and b?
12
Let x(u) = -4*u**2 - 2*u + 4. Let m be x(2). Let j be (-2)/(-8) + 91/4. Let p = j + m. Calculate the greatest common divisor of p and 21.
7
Let d = -47 - -24. Let v = d - -47. Suppose 19*t = 15*t + v. What is the highest common divisor of t and 66?
6
Suppose -7*m = -11*m + 656. Let j be m + (3 + -4 - -5). Calculate the greatest common factor of j and 21.
21